*y. What is the units digit of (-2)/(3/t*j)?
4
Let w(f) = -f**2 + 5*f - 4. Let i be w(5). Let s = 12 + i. What is the units digit of s?
8
Let i(p) = p + 2. Let j be i(-5). Let h(o) = -o**3 - 2. Let w be h(j). Suppose -w + 10 = -5*b. What is the units digit of b?
3
Let c = 48 + -80. Let m = -25 - c. What is the units digit of m?
7
Let c(r) = 12*r**2 + 9*r + 16. What is the hundreds digit of c(-4)?
1
Let t(w) = -4*w + 2*w**2 - w**2 - 5 - 2*w + 4*w. Let v be t(-4). Let q = -10 + v. What is the units digit of q?
9
Let q(k) = -2*k + 5. Let y(t) = -1. Let p = -1 - 1. Let z(x) = p*q(x) - 10*y(x). What is the units digit of z(2)?
8
Let s = -12 - -9. What is the units digit of s*3*(2 + -4)?
8
Let j be (9/(-3))/(1 + 0). Let p(o) be the second derivative of -o**4/12 - 5*o**3/6 - 2*o**2 - 3*o. What is the units digit of p(j)?
2
Suppose -39 = -7*t + 6*t. What is the units digit of t?
9
What is the units digit of (1/2)/(3/762)?
7
Suppose 10*c - 1605 = 745. What is the tens digit of c?
3
Let a = 75 - 41. Let n = a + 22. What is the tens digit of n?
5
Suppose -3*g = -0 - 18. What is the units digit of g?
6
Suppose i - r = 82, i + 2*r - 76 = 6*r. What is the units digit of (-12)/i - 30/(-14)?
2
What is the units digit of 888/34 - (-26)/(-221)?
6
Let m(z) = z**3 - 6*z**2 + 2*z - 4. Let c be m(6). What is the units digit of (c/(-5))/(2/(-5))?
4
Let m = 403 - 163. What is the units digit of m?
0
Let g(m) = 11*m**2 + 1. Let y be (3 - 0)/(-2 + 5). What is the units digit of g(y)?
2
Suppose -4*k + 17 = 5. Let b be (10 - 3/k) + 0. What is the units digit of b - (0 + -1 + 1)?
9
Let t(v) = -v**2 - v + 4. Let n be t(0). Suppose 1 - 7 = -2*h. Suppose -4*g = q + h*q - 52, -60 = -5*g - n*q. What is the units digit of g?
8
Suppose -3*a = 5*m, -4*m = 11 + 1. Suppose 2*n + 18 = a*n. What is the units digit of n?
6
Let t(k) = 11*k**2 - k - 2*k**2 + 2*k. Let n be t(-1). Let y = n - 4. What is the units digit of y?
4
Let d = -245 + 352. What is the tens digit of d?
0
Suppose 3*g + 2 + 1 = 0. Suppose -4*d - 8 = -2*q, 0*q = -2*q - 4*d + 40. What is the units digit of g*(-1)/(2/q)?
6
Let k(n) be the first derivative of n**5/20 + n**4/12 + n**3/6 + 3*n**2 + n - 2. Let z(w) be the first derivative of k(w). What is the units digit of z(0)?
6
Suppose 425 = 5*f - 3*z, -2*z + 4*z + 174 = 2*f. What is the tens digit of f?
8
Suppose -241 = -3*k + 2*c, 4*k = k + c + 239. What is the tens digit of k?
7
Let m(b) = b**2 + 9*b + 9. Let a be m(-7). Let y = 10 + a. Suppose -11 = -y*c + 4. What is the units digit of c?
3
Let u(s) = s - 3. Let c be u(3). Suppose c = 4*m - 2*m + 6. Let f = 4 - m. What is the units digit of f?
7
Let h(o) = o**2 - o - 2. Let l be h(-5). Suppose 4*x + l = -0*x. Let t(m) = m**2 + 8*m + 9. What is the units digit of t(x)?
2
Let p(c) = c**3 - 10*c**2 + 2*c + 4. Let s(a) = 10*a**2 - a - 1. Let g be s(-1). What is the units digit of p(g)?
4
Let d(b) be the second derivative of 1/20*b**5 + 0 + 0*b**3 - 1/4*b**4 - 3*b - 3/2*b**2. What is the units digit of d(4)?
3
What is the units digit of (-470)/(-4)*-2*(3 - 4)?
5
Let f(t) = 10*t**3 - 2*t**2 - t. Let v be f(-1). Let k = v + 16. What is the units digit of k?
5
Let b = 11 - 10. Let a = 29 - b. What is the tens digit of a?
2
Suppose -1875 = -7*z + 211. What is the tens digit of z?
9
Let k = 31 - 9. Suppose y + 2*u = 18, 3*y = 5*y - 3*u - k. What is the units digit of y?
4
What is the units digit of ((-219)/6 + 1 + 2)*-2?
7
Suppose -11 + 7 = -g. Suppose -2*o = -g*o + 60. What is the tens digit of o?
3
Let i(k) = -k**2 + k - 8. Let w(y) be the first derivative of -4*y**3/3 + 2*y**2 - 24*y + 1. Let r(u) = -7*i(u) + 2*w(u). What is the units digit of r(0)?
8
Let y = -46 - -16. Let t = y - -50. What is the tens digit of t?
2
Let b be (-23)/(-3) - 8/12. Let f = -2 + b. Suppose 0 = f*n - 5 - 15. What is the units digit of n?
4
Let t = -11 + 23. Suppose -t + 9 = -3*v. What is the units digit of v?
1
Suppose 276 + 16 = 4*h. What is the tens digit of h?
7
Let u(k) = k**2 - 2*k - 1. Suppose 16 - 6 = -5*t. What is the units digit of u(t)?
7
Let p = 9 - 7. Suppose -4*h + 34 = 3*k, p*k - 4*h + 3*h - 8 = 0. What is the units digit of k?
6
What is the units digit of 132/4 + -2 - 1?
0
Let h(o) = o**2 + o + 8. Let s = 4 + -4. What is the units digit of h(s)?
8
Let s = -60 + 238. What is the units digit of s?
8
Suppose 0 = -3*a - a - 16. Let n be a/(-14) + (-116)/14. Let g = n + 12. What is the units digit of g?
4
Let c(d) = 16*d - 3. Let j be c(4). Let i be 2/(-7) - j/7. What is the units digit of -3 - (0 - 2) - i?
8
Suppose 0 = -2*v - 2*v + 4. Let l = 4 - v. Suppose -5*y + l*y = -18. What is the units digit of y?
9
Let x = 62 + 69. What is the hundreds digit of x?
1
Suppose -4*f + 348 = 4*g, f = -4*g + 6*f + 375. What is the tens digit of g?
9
What is the units digit of -1 - (4 + -5) - -10?
0
Suppose -4*o + o + 36 = 0. Let q(w) = w**2 - 11*w + 5. What is the units digit of q(o)?
7
Let z = 77 + 198. What is the tens digit of z?
7
Let j be (10/4)/(7/(-70)). Let w be 4/6 - j/(-15). What is the tens digit of (-3 + 16 - w) + 2?
1
Let g(n) = 2*n**3 + 2 + 6*n**2 - 4 - 3*n**3 - 4*n. Let w be (-4)/1 - 36/(-4). What is the units digit of g(w)?
3
Let i(h) = h**3 + 5*h**2 + 4*h. Let m be i(-5). Suppose 2*p = -4, -n - 6*p - 20 = -3*p. Let u = n - m. What is the units digit of u?
6
What is the tens digit of (-5)/(-14 + -1)*525/1?
7
Suppose -3*f = -5*f - s + 8, 0 = 5*f + s - 20. Suppose 60 = 4*t + 4*n, 3*t - 14 = -f*n + 34. Let g = -5 + t. What is the units digit of g?
7
Let t(q) = q**2 - 2. Suppose -2 - 4 = -3*r. Let l be t(r). Let c = l - 0. What is the units digit of c?
2
Suppose -2*x - 20 = -132. What is the units digit of x?
6
Let c(w) = -7*w - 14. Let b be c(10). Let x = -49 - b. What is the units digit of x?
5
Let u = -9 - -12. Suppose -u*n + 12 + 51 = 0. What is the units digit of n?
1
Suppose 3*r = -9 - 0. What is the tens digit of (-2)/(r/(-33)*-1)?
2
Let w(l) = -2*l**3 - 3*l**2 - 4*l - 2. Let h be w(-2). Suppose h = 3*y - 5. Let q = y + -3. What is the units digit of q?
2
Let s(z) = 6 - 14 - 3*z + 2*z + 5*z. What is the units digit of s(9)?
8
Let u(n) = 23*n. Let c be u(6). What is the units digit of 9/(-6) - c/(-12)?
0
Let i(x) = -6*x**3 - x**2 - 2*x. What is the tens digit of i(-2)?
4
Let u = -1 + 3. Suppose 0 = -f - 4*o - 4, o = u*f + 5*o - 8. What is the tens digit of f?
1
Let v be (-119)/(-34) + (-6)/4. Let k(t) = 5*t**2 + 4*t - 6. Let f(y) = 4*y**2 + 4*y - 5. Let d(m) = 3*f(m) - 2*k(m). What is the units digit of d(v)?
3
Let y(q) = -2*q. Suppose 3 = -3*x + 30. Suppose -5*i = -1 - x, 3*v = -2*i - 2. What is the units digit of y(v)?
4
Let g(i) = 1 + 1 - 2*i - 4 + i. What is the units digit of g(-3)?
1
Suppose 26 = 4*j - 3*d, -6*d = 5*j - 2*d - 17. Suppose j*c - 30 = w + 107, 4*c = -5*w + 127. What is the units digit of c?
8
Let g(z) = -2*z**2 + 22*z - 1. What is the units digit of g(9)?
5
Suppose 2*g + g - 324 = 0. What is the units digit of g?
8
Let q = -21 - -13. What is the tens digit of 6*q/12*-4?
1
Let q(k) = k + 5. Let s be q(-2). Let n(c) = c**3 - 5*c + 4. What is the units digit of n(s)?
6
Let y(i) = -i**2 + 8*i - 9. Let s be y(6). Suppose -5*a = -3*b - 0*b + 28, -19 = -4*b + s*a. Suppose -2*q + b + 7 = 0. What is the units digit of q?
4
Suppose -5*p + 2*c - 148 = 0, -3*p - 19 - 53 = 3*c. Let r = 46 + p. What is the tens digit of r?
1
Suppose -2*a = -l + 2*l - 3, -3*a = -5*l + 15. Suppose -5*s = -2*i + 7, l*i - 2 = -5*s + 21. What is the units digit of i?
6
Let z = -37 + 78. What is the units digit of z?
1
Let c = 1 + 0. Let y(v) = v**2 - v - 9. Let s(u) = u - 1. Let i(j) = c*y(j) - 3*s(j). What is the units digit of i(6)?
6
Let s = 5 - 0. Let j(k) = k**2 - 4*k + 0*k**2 - 4 + 3. What is the units digit of j(s)?
4
Suppose 5*a - 204 = 36. Suppose 3*h + a = 5*z, -5*z - 3*h = -2*z - 24. What is the units digit of z?
9
Suppose 0 = -11*d + 1230 + 1410. What is the tens digit of d?
4
Let o be (-21)/(-12)*4/(-1). Let a be 1 - (2 + -5 + -2). Let h = a - o. What is the tens digit of h?
1
Suppose -3*m = 16 + 23. Let q = m - -25. Suppose -3*s = 5*p - 20, -12 = -3*s - 3*p + q. What is the tens digit of s?
1
Let p(t) = -t + 8. Let n be p(4). Suppose -n*g = -2 - 2. What is the units digit of g?
1
Suppose 5*d = -2*q + 114, -7*d = q - 3*d - 57. Wh